. Let h be k(-3). Calculate the highest common factor of h and d.
7
Suppose s = 5*i + 40, 2*s = 3*i - 0*i + 45. Let x(c) = -c**3 - 4*c**2 + 5*c + 3. Let h be x(-5). What is the highest common divisor of s and h?
3
Let n = 0 - -40. Suppose 36*o - 22*o = 140. What is the highest common factor of n and o?
10
Let j = -64 + 204. Suppose 4*t + 2*r + 3*r - j = 0, 74 = 3*t - 4*r. What is the highest common divisor of t and 15?
15
Suppose -5*f = -1 - 4. Let d = -4 - -7. Suppose d*g - 23 = 4. What is the highest common divisor of f and g?
1
Suppose -6*v = -2*v - 5*a - 91, 2*a - 89 = -5*v. What is the highest common factor of 133 and v?
19
Let c(a) be the second derivative of -a**5/20 + 5*a**4/12 + 4*a**3/3 + 3*a. Let l be c(6). What is the highest common factor of l and 84?
12
Let s be 2/3*(-12)/8*-7. Let t(i) = -i**3 - i**2 + 1. Let x be (15/(-5))/((-3)/(-4)). Let c be t(x). What is the highest common divisor of s and c?
7
Suppose -3*s + 7*s = 2*h - 18, -3*h = -15. Let x be 1*10*s/(-5). Calculate the highest common factor of x and 10.
2
Suppose -2 = -c - 1. Let o be 6 + c + -1*1. Let i = o + 9. What is the highest common divisor of i and 45?
15
Let b be 4 + 107 + -3 + 2. Calculate the greatest common divisor of b and 22.
22
Let n = 2 - -53. Calculate the greatest common divisor of n and 5.
5
Let o be ((-6)/10)/((-6)/30). Let d(y) = -4 - 3*y**2 + y - 3*y**o + y**2 + 1 - 1. Let m be d(-3). Calculate the greatest common divisor of 7 and m.
7
Let c(t) = t**3 + 7*t**2 + t. Let y be c(-5). Suppose 3*x + 36 = 5*x. Calculate the highest common factor of y and x.
9
Let m be 40/(((-4)/3)/(-2)). Suppose z + 2*z - m = 0. Calculate the greatest common divisor of 40 and z.
20
Let i be (-16)/(-120) + (-1616)/(-30) + -2. What is the highest common divisor of 78 and i?
26
Let k(f) = -f**3 - 5*f**2 + 3*f + 3. Let m be k(-5). Let u be m/9*(-15 - 0). Let g = 9 - 1. Calculate the highest common factor of u and g.
4
Let o(r) = r**3 - 6*r**2 + 3*r - 3. Let i be o(6). What is the greatest common factor of 30 and i?
15
Suppose r - 3*r + 8 = 0. Let g be (-400)/(-28) + r/(-14). Calculate the greatest common divisor of g and 28.
14
Let i = -98 + 164. Calculate the highest common divisor of i and 132.
66
Suppose 4*t = l - 0*l + 49, 4*t + 5*l = 43. Let a be -4 - (3 - (-6)/(-1)) - -4. What is the highest common factor of a and t?
3
Let v(d) = -d**3 - d**2 + 2*d + 2. Let t be v(-4). Calculate the highest common factor of 63 and t.
21
Let r be 2/(-5)*(9 + -169). Calculate the highest common divisor of 16 and r.
16
Let j(q) = -41*q - 8. Let d be j(-1). Calculate the greatest common factor of 121 and d.
11
Let w be (-36)/9*90/(-2). What is the highest common factor of w and 12?
12
Let l be 6*(-2 + (-10)/(-3)). Calculate the greatest common divisor of l and 2.
2
Let a be 4*(7 + -4 - 1). Let o = 8 + a. Calculate the highest common factor of 16 and o.
16
Suppose 25*i - 990 = 7*i. Calculate the greatest common factor of i and 22.
11
Suppose -4*r - 5*w = -27, 18 + 1 = 3*r + 4*w. Let f = 49 + -10. What is the highest common factor of r and f?
13
Let y(u) = -2*u**2 + 4 + 0*u**2 + u**2 - 5*u. Let w be y(-6). Let h be 34 + w + (2 - -1). What is the greatest common factor of 14 and h?
7
Suppose 0 = -v + 2. Let w = -4 - v. Let j be (-297)/(-4)*(-16)/w. Calculate the greatest common divisor of 22 and j.
22
Let g = 0 - -3. Suppose 3*o - f - 60 = 120, 4*f + 180 = g*o. What is the greatest common factor of 24 and o?
12
Suppose 24 = 4*i - 0. Let h(q) = -q**2 + 8*q - 4. Let d be h(i). Suppose -d + 38 = 3*r. Calculate the highest common divisor of r and 80.
10
Let z(r) = r**2 - 12*r - 6. Let f be z(14). Calculate the highest common divisor of f and 176.
22
Let t = -4 - -4. Suppose 0 = -3*s - t*s + 21. What is the highest common factor of 21 and s?
7
Suppose 78 = z - 2*y - 24, 2*z + 5*y = 240. What is the highest common factor of 22 and z?
22
Let y be 44/(-11)*(-77)/2. What is the greatest common factor of y and 22?
22
Suppose 0 = -2*w + 4*w - 252. Let m(o) = o + 21. Let u be m(-7). What is the highest common factor of u and w?
14
Let m be (13/(-6)*22)/((-21)/63). What is the highest common factor of 22 and m?
11
Let d(j) = 6*j**2 - 5*j + 5. Let w be d(5). Let k = -5 + 18. Calculate the greatest common factor of w and k.
13
Let n be ((-24)/(-20))/(6/20). Suppose n*j = -a - 3*a + 16, 2*a - 2*j = 8. What is the greatest common divisor of a and 1?
1
Let d(l) = -3*l**2 + l**3 - 3*l**2 - 4 + 3*l**2 - 2*l. Let n be d(4). Suppose -r - 9 = -n*r. Calculate the greatest common divisor of 21 and r.
3
Suppose g = -3*g + 68. What is the highest common divisor of g and 153?
17
Let w be 12*(3 + (-26)/(-6)). Calculate the greatest common factor of 11 and w.
11
Let b = 2 - -1. Suppose -3*m + u = -m - 15, -4*u - 5 = b*m. Suppose 0 = -2*y + 3*y - 25. What is the highest common divisor of y and m?
5
Suppose -5*c + 494 + 39 = 3*d, -151 = -d + 5*c. Suppose 3*x + d = -5*j, -5*j = x - 4*x + 189. Let u = j - -52. What is the greatest common divisor of u and 128?
16
Let c(a) = a**2 - 4*a + 2. Let f be c(4). Suppose 93 = 2*d + f*z + 13, 0 = -d - 5*z + 20. What is the greatest common factor of d and 9?
9
Suppose -z + 2*m + 31 = -5, 5*z - 156 = -2*m. Let q = -27 - -16. Let b = 5 - q. Calculate the highest common factor of b and z.
16
Suppose -2*t = -2 - 20. What is the highest common factor of t and 121?
11
Suppose -4*q = 3*j - 19, 3*j + 0*q = 2*q + 49. Calculate the highest common factor of j and 13.
13
Let h(z) = -z**3 + 14*z + 6. Let k be h(-4). Calculate the highest common factor of 182 and k.
14
Let o = -24 - -54. Suppose 51 = 5*k + 2*z, -4*k + k + o = z. Let p = 1 - 0. What is the greatest common factor of p and k?
1
Let t = 100 + -88. Calculate the highest common factor of t and 12.
12
Suppose -j = 6 - 24. Calculate the greatest common factor of 6 and j.
6
Let m = 0 + 0. Suppose m*f + f - 3 = 0. Suppose -f*x + 16 = x. What is the greatest common factor of 36 and x?
4
Let h(z) = z**2 - 4*z + 7. Let w = -8 - -1. Let o be h(w). Suppose 5*b = -2*c + 96, o = 4*b - c - c. Calculate the highest common divisor of 4 and b.
4
Suppose 4*m + 48 = 7*m. What is the highest common factor of 16 and m?
16
Let u(a) = a**3 + 6*a**2 - 3*a - 4. Let n be u(-5). Let l(j) = -9*j**2 + 1. Let z be l(-2). Let k = -23 - z. What is the greatest common divisor of n and k?
12
Let c(w) = 11*w - 4. Let v(y) = -23*y + 8. Let t(q) = 7*c(q) + 4*v(q). Let m be t(-4). Let d = 27 + -11. What is the highest common divisor of d and m?
16
Let a(f) = -3*f - 3. Let p be a(-8). Let r = 30 - p. Calculate the highest common factor of 9 and r.
9
Let l = -21 + 51. Suppose -31 = -3*j - a, 3*j - 6*j - 3*a = -33. Calculate the greatest common divisor of l and j.
10
Suppose -119 = -5*z - 4*h + 2*h, -2*z + 50 = 2*h. What is the highest common factor of z and 46?
23
Let w = -53 + 83. Calculate the highest common factor of 45 and w.
15
Suppose -48 = -3*u - 15. Let i be (-6)/(-45)*6*-5. Let a be i*11*2/(-8). What is the highest common divisor of a and u?
11
Suppose 227 = -4*u - v, v - 35 - 23 = u. Let c be (-6)/10 + (-4)/10. Let b be (1/3)/(c/u). What is the highest common factor of 171 and b?
19
Let m be 2/(3/3) + -2. Suppose 3*s - 3*z - 9 = 0, 2*s - 4*z + 2 + m = 0. Calculate the highest common divisor of 28 and s.
7
Let i be ((-17)/(-3))/((-12)/(-36)). Let v = 4 + 1. Let h = i - v. What is the greatest common factor of 18 and h?
6
Suppose 0 = -2*y + 6*y - 40. Let u(v) be the first derivative of -25*v**2/2 - 2. Let a be u(-1). Calculate the greatest common divisor of a and y.
5
Let t be ((-280)/15)/((-3)/9). Calculate the greatest common factor of 7 and t.
7
Let w be (-4)/10 + (-1412)/20. Let j = w - -127. Let t be 1*(-9 + 2)/(-1). What is the greatest common factor of t and j?
7
Let a(p) = p - 1. Let c be a(3). Suppose 9*j - 24 = 4*j - 2*f, -f = -c*j + 6. Calculate the highest common divisor of j and 4.
4
Suppose -a + 98 = 2*p - 134, 244 = a + 5*p. Let l be 6*(-3)/(45/(-70)). Calculate the greatest common divisor of a and l.
28
Let z be ((-3)/(-2))/((-6)/(-56)). Calculate the highest common factor of z and 35.
7
Let k(j) = 7*j**3 + 2*j - 1. Let y be k(1). Let w(x) = -3 - 1 + 17*x + 3. Let r be w(1). What is the highest common divisor of r and y?
8
Let p(z) = z + 6. Let m be 